What are the prime factors of ((-1592)/(-14))/1 + 30/105?
2, 3, 19
Let q = 23 - 26. Let k(p) = -2*p**3 - 2*p**2 - 2*p - 3. List the prime factors of k(q).
3, 13
Let m = 244 + -130. List the prime factors of m.
2, 3, 19
Let h = 114 - 64. What are the prime factors of h?
2, 5
Let r(k) = -k**3 + 3*k**2 - 1. Let w be r(3). Let c be w/(2*(-2)/(-4)). List the prime factors of (-6 - -5)/(c/19).
19
Let g(h) = h**2 - 3*h + 3. What are the prime factors of g(4)?
7
Suppose -4*p + 28 = -3*y, -5*p = -5*y - 0*y - 30. Suppose 2*n + 0*n = -2*g + p, 3*g + 2*n - 12 = 0. What are the prime factors of g?
2
Let q(r) = -4*r - 6. Suppose 3*s - 2 + 5 = 0. Let g be -3 + s*(0 - -1). List the prime factors of q(g).
2, 5
List the prime factors of (-76)/28 - -3 - (-2388)/21.
2, 3, 19
Let n be 6/(-9) + 11/3. Suppose 2*l = -n*l + 20. Suppose l*k + 0 = 8. What are the prime factors of k?
2
Let a be (-1)/(3/(3 + -6)). Let m be (0 - (-3 + a)) + -2. Suppose -2*x + 0*x + n + 36 = 0, m = -4*n + 16. What are the prime factors of x?
2, 5
Let t(n) = n**3 + 4*n**2 + n. Let c = -1 + -1. List the prime factors of t(c).
2, 3
Let a be 6/(-4) - 1/2. Let o = a - 1. List the prime factors of 1*11 - 0/o.
11
Suppose -5*g + 0*g = 0. Suppose g = 2*j + 6, -h + 2 = 3*j - j. Suppose -h = -2*b + 16. What are the prime factors of b?
2, 3
Let g = -3 + 6. Suppose -4*b - 5*y + 96 = -27, 3 = -g*y. List the prime factors of (21/(-4))/((-12)/b).
2, 7
Let i(r) = -r + 6. Let f(g) = 2*g - 18. Let t(v) = -3*f(v) - 8*i(v). Let q be t(-4). What are the prime factors of 2/q*(-7)/1?
7
Let x be 8/(-3)*(-8 + 2). Let o = x + 5. List the prime factors of o.
3, 7
What are the prime factors of 2/(0 + 6/165)?
5, 11
Let h = -1 + -5. List the prime factors of (h - 0)*7/(-3).
2, 7
Let u(p) = -24*p + 5. List the prime factors of u(-3).
7, 11
Let m(z) = 7*z**3 + 3*z**2 - 2. List the prime factors of m(2).
2, 3, 11
Let u = -17 - -73. Suppose 76 = 3*l + 2*m, -3*l + u = -0*l - 2*m. Suppose -2*i = 4*j - 2, -j + i = 6*i + l. What are the prime factors of j?
3
Let t = 136 + -70. List the prime factors of t.
2, 3, 11
Let y be 3*((-60)/9)/(-1). Suppose -5*z - y = -3*z. Let x = z + 28. List the prime factors of x.
2, 3
Suppose -4*k - 90 = -9*k. What are the prime factors of k?
2, 3
Let m = 5 - 0. Suppose 4*n + 5 = 5*n. Suppose 0 = -n*j - 5*t + 20, 20 = j - m*t + 2*t. What are the prime factors of j?
2
Let y(v) = -v**2 + 12*v + 14. What are the prime factors of y(11)?
5
Let u(t) = 3*t**2. Let q(d) = -d - 7. Let o be q(-6). Let j be u(o). Suppose 8 = 4*c - 5*l, -c + j = 4*l - 20. List the prime factors of c.
7
Let c = 0 - -2. Suppose 32 = -i + c*i. Suppose 0 = -2*y - 2*y + i. List the prime factors of y.
2
Let o = 80 + -50. List the prime factors of o.
2, 3, 5
Let a = 4 - 2. Suppose -5*o - a*r + 73 = 0, -o = -0*r + r - 17. Suppose o = 2*z - 11. List the prime factors of z.
2, 3
List the prime factors of ((-108)/45)/((-3)/10) + -4.
2
What are the prime factors of 3 + 0 - (4 + -3)?
2
What are the prime factors of (4/(-4) - 1) + 28?
2, 13
List the prime factors of (0 + 1)/((-4)/(-148)).
37
Let f(x) = 4*x**2 - 3*x - 7. Let r be f(6). Suppose -4*l - 35 = -r. List the prime factors of l.
3, 7
Let n(z) = -z**3 + 2*z**2 + 2*z - 2. Let y be n(3). Let x(c) = -c**2 - 4*c - 6. Let d(g) = 1. Let o(f) = -3*d(f) - x(f). What are the prime factors of o(y)?
2
Let f be (0/1)/(3 + -4). Suppose -3*r = 4*x - x - 21, -r - 5*x + 7 = 0. Let v = f + r. What are the prime factors of v?
7
Let t(i) = i**2 + i. Let o be t(-1). Let p = 5 - o. List the prime factors of p.
5
Suppose -y = 8 - 28. Suppose 3*i = 2*s - 3 - 6, y = 4*s - 4*i. Let g = s + -3. List the prime factors of g.
3
Let z be -5 + 2 + (10 - 1). Suppose 3*x - z*x + 39 = 0. List the prime factors of x.
13
Let j(z) = 4*z - 3. Let p be j(-3). What are the prime factors of (-64)/(-3) - (-5)/p?
3, 7
Let l = 6 + -2. Suppose 3 - 1 = 2*y, -4*y - 16 = -l*j. What are the prime factors of j?
5
What are the prime factors of (-4 - -6)*8*4?
2
Let b(a) = -a**2 + 8*a - 8. Let r(w) = -w**3 + 8*w**2 + 7. Let d be r(8). Let g be b(d). What are the prime factors of g*(-1 + 2)*-12?
2, 3
Suppose -k = -6*k. Suppose -b + 5*u + 5 + 12 = k, 5*b + 4*u - 85 = 0. What are the prime factors of b?
17
What are the prime factors of (-1827)/(-14) + -4 - 1/(-2)?
127
Let k be 940/(-18) - 2/(-9). What are the prime factors of -3*-4*k/(-24)?
2, 13
Let q(i) = -7 + 1 + 6*i + 4 - 2 + 2*i**2. What are the prime factors of q(-5)?
2
Suppose -3*a - 4 + 1 = 0. Let h = a - -17. What are the prime factors of h?
2
Let i = 27 - -7. Let r = -17 + i. What are the prime factors of r?
17
Suppose 4*k = -i - 23, 0*i + 3*k = -i - 18. Let r(x) = x**2 + 2*x - 1. Let s be r(i). What are the prime factors of s/4 + 26/4?
7
Let b(o) be the second derivative of -o**3/3 - o**2/2 + 3*o. List the prime factors of b(-4).
7
Suppose 3*m = -4*d + 2*m - 72, d - 5*m - 3 = 0. Let q = d + 25. Let w = q + -5. List the prime factors of w.
3
Let j = 1 + 8. Let k(n) = 2*n + 19. Let i(l) = -3*l - 37. Let r(u) = -3*i(u) - 5*k(u). List the prime factors of r(j).
7
Suppose -42 = -3*p + 246. What are the prime factors of p?
2, 3
Let u(h) = 33*h**3 + 2*h - 2. List the prime factors of u(1).
3, 11
Let w(m) = -m**3 + 5*m**2 - 5*m + 2. Let f be w(3). Suppose -f = 2*n - x, -4*x - 24 = n - 8. List the prime factors of 1/(-4) - 57/n.
2, 7
Suppose 4 = -2*m + 20. Suppose j - m - 4 = 0. What are the prime factors of j?
2, 3
Let j be (-3)/9*(-1 + -17). Suppose 14 = 2*v + 2*k, k = j*k - 10. List the prime factors of v.
5
Let u = -24 + 30. List the prime factors of ((-94)/(-4))/(3/u).
47
Suppose -77 - 21 = -2*p + 4*i, -4*p + 3*i = -186. Let m = p + -20. What are the prime factors of m?
5
Let t = -133 - -135. What are the prime factors of t?
2
Suppose 2 = c, 4*p = -0*p + 3*c + 94. Let y be (6/(-10))/((-5)/p). Suppose y*b + 0*b - 51 = 0. What are the prime factors of b?
17
Let v(n) be the third derivative of -n**5/60 - n**4/24 + 19*n**3/6 + 3*n**2. Suppose 3 = -5*w - 7, 4*i + 10 = -5*w. What are the prime factors of v(i)?
19
Suppose -2*a = -p + 170, 534 = 3*p - 0*p + 2*a. What are the prime factors of p?
2, 11
List the prime factors of (-42661)/(-407) - ((-26)/22 + 1).
3, 5, 7
Let l(d) = 0*d + 3 - 5*d + 3 + 2*d. List the prime factors of l(-11).
3, 13
Let k be 3/9 + (-2)/6. Suppose 5*h - 3*c - 19 = k, -3*c = -h + 2*c + 17. Let z = h - -10. What are the prime factors of z?
2, 3
Let u = -39 + 25. Let j be 4/(-14) - 144/u. Let k = 0 + j. List the prime factors of k.
2, 5
What are the prime factors of 208 - ((-12)/(-30) + (-17)/5)?
211
Let f = 453 + -252. List the prime factors of f.
3, 67
Let z(y) = y**3 - 6*y**2 - 4*y - 17. List the prime factors of z(7).
2
Suppose 0*t = -t + 3*y + 101, 251 = 3*t + 4*y. List the prime factors of t.
89
Suppose -1 = -7*b + 167. List the prime factors of b.
2, 3
Suppose -c + 10 = 4*c. Suppose d - 12 = -2*l, c*l - l = 5*d - 16. List the prime factors of d.
2
Suppose -655 = -5*p + 5*u, 0 = 2*p - 3*p + 2*u + 126. What are the prime factors of p?
2, 17
Let f(i) = -3*i + 5*i**2 - 6 - i - 4*i**2. Let k be f(6). Let o = 1 + k. List the prime factors of o.
7
Let l(h) = h - 3. Let k be (5 - 2) + 4 + -1. Let o be l(k). What are the prime factors of 4/o*(8 - 2)?
2
Let v be 164/(0/2 + 2). Suppose 6*q = 2*q + 5*j + 82, -v = -5*q - 4*j. What are the prime factors of q?
2, 3
Let a(n) = n + 8. Suppose 4*p + p + 44 = -4*x, -4*p = -2*x + 4. What are the prime factors of a(x)?
2
Let x be 3/(-12) + (-174)/8. Let t = x - -16. List the prime factors of (-68)/(-6) + (-4)/t.
2, 3
Suppose -3*q = -5*w + 10, -8 = q + 2*q - 4*w. Suppose q = t - 10 - 2. What are the prime factors of t?
2, 3
Let m(t) = -4*t**2 + t. Let q be m(1). Let p = q + 23. List the prime factors of p.
2, 5
Let a be (-443)/(-6) + (-15)/(-90). What are the prime factors of (1*-1)/((-2)/a)?
37
Let g(y) = 2*y**2 - 4*y + 3. Let t(c) = c**3 - 8*c**2 - c + 10. Let z be (-75)/(-10) + 2/4. Let a be t(z). List the prime factors of g(a).
3
Let t = 335 + -202. List the prime factors of t.
7, 19
Let g(k) be the first derivative of k**3/3 - 7*k**2/2 + k - 1. Let j(p) be the first derivative of g(p). List the prime factors of j(8).
3
Suppose -5*m + 16 = -9. Suppose 13 = h - 0*j - 2*j, 20 = -m*j. What are the prime factors of h?
5
Suppose